the greatest common factor of 1810 and 360.
10
Calculate the highest common divisor of 262 and 566051.
131
Calculate the greatest common factor of 206 and 1286.
2
Calculate the greatest common divisor of 75734 and 152.
38
What is the highest common factor of 12862374 and 21?
21
Calculate the greatest common divisor of 946 and 113993.
473
Calculate the highest common factor of 4082 and 6908.
314
What is the highest common divisor of 512 and 12?
4
Calculate the greatest common divisor of 28 and 26348.
28
Calculate the highest common divisor of 1078 and 14388.
22
What is the highest common factor of 16854 and 9858?
318
What is the greatest common divisor of 810 and 20230?
10
Calculate the greatest common factor of 2291596 and 284.
284
Calculate the highest common factor of 4347 and 36869.
161
What is the highest common factor of 5 and 597815?
5
What is the highest common divisor of 29859 and 333?
111
Calculate the highest common divisor of 101637 and 207.
207
Calculate the highest common divisor of 1054 and 8058.
34
What is the highest common factor of 36 and 40716?
36
What is the greatest common factor of 2523803 and 527?
527
Calculate the greatest common divisor of 18286 and 8251.
223
What is the greatest common factor of 2 and 1015282?
2
What is the highest common factor of 25 and 4570?
5
Calculate the greatest common divisor of 12 and 325320.
12
What is the highest common divisor of 158 and 206506?
158
Calculate the greatest common divisor of 2604 and 2568.
12
Calculate the greatest common divisor of 4608 and 6048.
288
What is the highest common factor of 10593 and 134244?
99
Calculate the highest common divisor of 88 and 10576.
8
What is the highest common divisor of 3143527 and 12822?
2137
What is the greatest common divisor of 8 and 2816392?
8
What is the greatest common divisor of 207279 and 27?
27
What is the greatest common divisor of 600 and 11028?
12
Calculate the greatest common divisor of 492 and 25008.
12
What is the greatest common divisor of 167549 and 1441?
131
Calculate the highest common divisor of 18733491 and 63.
63
Calculate the greatest common factor of 1455 and 205.
5
What is the greatest common divisor of 1610 and 840?
70
Calculate the highest common divisor of 16624 and 1744.
16
Calculate the greatest common factor of 210308 and 29.
29
Calculate the greatest common factor of 21 and 3657024.
21
Calculate the greatest common factor of 4099475 and 25.
25
Calculate the highest common divisor of 88164 and 180.
36
Calculate the highest common factor of 952 and 127806.
238
What is the greatest common divisor of 1666 and 19894?
98
Calculate the highest common factor of 104 and 793.
13
Calculate the highest common factor of 1812217 and 374.
187
Calculate the highest common divisor of 16 and 288192.
16
What is the greatest common divisor of 20 and 19010?
10
What is the greatest common factor of 2776689 and 27?
9
What is the highest common divisor of 3645 and 45090?
135
Calculate the greatest common divisor of 340 and 143905.
85
What is the greatest common divisor of 59 and 208919?
59
Calculate the highest common divisor of 66744 and 2673.
81
Calculate the highest common divisor of 1738 and 3950.
158
What is the highest common factor of 14145 and 33465?
345
What is the greatest common divisor of 157304 and 636?
212
Calculate the greatest common divisor of 146 and 40004.
146
What is the greatest common factor of 576 and 2470176?
288
Calculate the greatest common factor of 142 and 64539.
71
What is the highest common divisor of 114777 and 189?
27
What is the highest common factor of 1424 and 144?
16
Calculate the greatest common divisor of 16115 and 8497.
293
Calculate the greatest common divisor of 14 and 201670.
14
Calculate the highest common factor of 11264 and 29788.
44
What is the greatest common divisor of 742 and 92962?
106
What is the greatest common divisor of 551211 and 279?
93
What is the greatest common factor of 188 and 171926?
94
What is the greatest common divisor of 111 and 204129?
111
What is the highest common factor of 1732 and 36?
4
Calculate the highest common divisor of 182 and 56147.
91
Calculate the greatest common factor of 9338 and 28.
14
What is the greatest common factor of 210 and 6230?
70
What is the greatest common divisor of 1123122 and 476?
238
What is the highest common divisor of 281869 and 469?
469
What is the highest common divisor of 26568 and 186624?
648
Calculate the highest common divisor of 585 and 105615.
45
What is the greatest common divisor of 1124 and 580?
4
What is the greatest common factor of 18255 and 20?
5
What is the greatest common divisor of 2454927 and 6?
3
Calculate the highest common factor of 1902017 and 39.
13
Calculate the greatest common factor of 112 and 4096.
16
What is the highest common factor of 38764 and 11?
11
Calculate the greatest common divisor of 60 and 13215.
15
What is the highest common factor of 44 and 4974244?
44
Calculate the highest common divisor of 86 and 886.
2
Calculate the highest common factor of 99828 and 18.
18
What is the highest common factor of 111071 and 109?
109
Calculate the highest common divisor of 131 and 129821.
131
What is the highest common divisor of 440 and 26570?
10
What is the highest common divisor of 965360 and 240?
80
Calculate the highest common factor of 113301 and 36.
9
Calculate the highest common factor of 30 and 52590.
30
What is the greatest common factor of 22 and 62821?
11
What is the highest common factor of 306 and 152?
2
Calculate the greatest common divisor of 868 and 52297.
217
What is the highest common divisor of 10176 and 152216?
424
Calculate the highest common factor of 30758 and 2704.
338
What is the highest common divisor of 43701 and 42?
21
Calculate the greatest common divisor of 55328 and 224.
224
Calculate the highest common factor of 59376 and 96.
48
What is the greatest common divisor of 43435 and 85?
85
What is the greatest common factor of 243 and 105975?
27
What is the highest common factor of 3915 and 78?
3
What is the greatest common divisor of 2415 and 555?
15
Calculate the greatest common factor of 142 and 332.
2
Calculate the highest common divisor of 82579 and 329.
329
What is the greatest common factor of 332 and 831494?
166
What is the highest common divisor of 41128 and 32?
8
Calculate the highest common divisor of 44824 and 104.
104
What is the highest common divisor of 1220087 and 11?
11
Calculate the greatest common divisor of 6 and 100938.
6
What is the highest common factor of 1211 and 2374598?
173
Calculate the greatest common factor of 11032559 and 31.
31
Calculate the greatest common factor of 3648 and 65184.
96
What is the highest common factor of 15093 and 8073?
351
What is the highest common divisor of 81548 and 58?
58
What is the greatest common factor of 1746 and 2538?
18
Calculate the highest common divisor of 32 and 11888.
16
Calculate the highest common divisor of 3196 and 1739.
47
What is the highest common divisor of 1359 and 291883?
151
What is the greatest common factor of 364 and 58772?
28
Calculate the highest common factor of 258 and 221106.
258
What is the highest common divisor of 260000 and 6175?
325
What is the highest common divisor of 348 and 75288?
12
Calculate the greatest common factor of 810 and 1030.
10
What is the greatest common divisor of 959851 and 3997?
571
Calculate the greatest common factor of 192 and 47406.
6
Calculate the highest common divisor of 15623 and 4595.
919
What is the highest common divisor of 1617 and 34881?
231
What is the greatest common factor of 203 and 7324849?
203
What is the greatest common factor of 812 and 738688?
116
Calculate the greatest common divisor of 430 and 64930.
430
What is the highest common factor of 20943 and 1053?
117
What is the greatest common divisor of 8418 and 318?
6
What is the highest common factor of 36 and 450084?
12
What is the greatest common factor of 5439 and 8029?
259
Calculate the highest common divisor of 2077 and 62.
31
Calculate the greatest common factor of 490 and 39445.
245
Calculate the highest common factor of 26781 and 4407.
339
What is the highest common factor of 1536 and 466176?
768
Calculate the greatest common divisor of 579 and 41109.
579
What is the highest common divisor of